{"id":145,"date":"2012-12-01T15:56:02","date_gmt":"2012-12-01T13:56:02","guid":{"rendered":"https:\/\/www.joergobenauer.de\/wp01\/?page_id=145"},"modified":"2022-02-21T15:32:21","modified_gmt":"2022-02-21T13:32:21","slug":"projekte","status":"publish","type":"page","link":"https:\/\/www.joergobenauer.de\/?page_id=145","title":{"rendered":"PROJEKTE"},"content":{"rendered":"<p>PROJEKTE \/ MITARBEIT \/ KLIENTEN<br \/>\nAuswahl:<\/p>\n<p><span style=\"color: #00ffff;\"><strong>2021<\/strong><\/span><\/p>\n<p>-Entwicklung und Produktion mehrerer Ausstellungs- und Pr\u00e4sentationsmodule f\u00fcr das <a href=\"https:\/\/deutsches-romantik-museum.de\/\">DEUTSCHE ROMANTIK MUSEUM<\/a> und das <a href=\"https:\/\/freies-deutsches-hochstift.de\/\">FREIE DEUTSCHE HOCHSTIFT<\/a> (FRANKFURT)<\/p>\n<p>-Entwicklung und Produktion mehrerer Ausstellungs- und Pr\u00e4sentationsmodule f\u00fcr <a href=\"https:\/\/www.meso.net\">MESO<\/a> (FRANKFURT)<\/p>\n<p><span style=\"color: #00ffff;\"><strong>2020<\/strong><\/span><\/p>\n<p>-Entwicklung und Produktion eines Lichtmoduls f\u00fcr das <a href=\"https:\/\/elaines.world\/portfolio\/elaines-restaurant\/\">ELAINE\u00b4S REATAURANT<\/a> im THE FLAG WEST M (FRANKFURT)<\/p>\n<p><span style=\"color: #00ffff;\"><strong>2019<\/strong><\/span><\/p>\n<p>-Freischaffende Mitarbeit bei der Entwicklung einer Lichtkomponente f\u00fcr <a href=\"https:\/\/valentinbeinroth.com\/de\/\">ATELIER VALENTIN BEINROTH.<\/a><\/p>\n<p>-Freischaffende Mitarbeit bei der Entwicklung von Pr\u00e4sentationskomponenten f\u00fcr <a href=\"https:\/\/www.una-products.de\/\">UNA.<\/a><\/p>\n<p><span style=\"color: #00ffff;\"><strong>2018<\/strong><\/span><\/p>\n<p>-Freischaffende Mitarbeit bei einer Leuchtenentwicklung f\u00fcr <a href=\"https:\/\/www.atelier51.de\/atelier-51\/peter-buning\/\">PETER BUNING &#8211; ATELIER 51.<\/a><\/p>\n<p><span style=\"color: #00ffff;\"><strong>2017<\/strong><\/span><\/p>\n<p>-Entwurf und Realisation der Edition <a href=\"https:\/\/vimeo.com\/217651762\">SUPERCOMPUTER S6 ORANGE.<\/a><\/p>\n<p>-Freischaffende Mitarbeit, Ph\u00f6nix Contact, f\u00fcr <a title=\"MESO\" href=\"https:\/\/www.meso.net\/\" target=\"_blank\" rel=\"noopener noreferrer\">MESO<\/a>. (FRANKFURT)<\/p>\n<p><span style=\"color: #00ffff;\"><strong>2016<\/strong><\/span><\/p>\n<p>-F\u00fcr die neue Kanzlei von KLEIM \u2013 Rechtsanw\u00e4lte und Notar wird das Lichtobjekt <a title=\"Waveshaper\" href=\"https:\/\/www.joergobenauer.de\/wp01\/?portfolio=waveshaper-12\" target=\"_blank\" rel=\"noopener noreferrer\">WAVESHAPER <\/a>entworfen und realisiert. (HANAU)<\/p>\n<p>-Freischaffende Mitarbeit, BASF designfabrik booth at the \u201cK\u201d fair, f\u00fcr <a title=\"MESO\" href=\"https:\/\/www.meso.net\/\" target=\"_blank\" rel=\"noopener noreferrer\">MESO<\/a>. (FRANKFURT)<\/p>\n<p>-Freischaffende Mitarbeit, KEYENCE VISION, f\u00fcr <a title=\"MESO\" href=\"https:\/\/www.meso.net\/\" target=\"_blank\" rel=\"noopener noreferrer\">MESO<\/a>. (FRANKFURT)<\/p>\n<p><span style=\"color: #00ffff;\"><strong>2015<\/strong><\/span><\/p>\n<p>-Freischaffende Mitarbeit f\u00fcr <a title=\"Lars Contzen\" href=\"https:\/\/www.larscontzen.de\">LARS CONTZEN<\/a>. (HANAU)<\/p>\n<p>-Zahlreiche Produktionen von gro\u00dfen und kleinen <a title=\"Cluster \" href=\"https:\/\/www.joergobenauer.de\/wp01\/?portfolio=cluster-2\" target=\"_blank\" rel=\"noopener noreferrer\">CLUSTER <\/a>Lichtobjekten.<\/p>\n<p><span style=\"color: #00ffff;\"><strong>2014<\/strong><\/span><br \/>\n<a title=\"Photo &quot;HUNDERT&quot;\" href=\"https:\/\/www.joergobenauer.de\/wp01\/?portfolio=hundert-7\" target=\"_blank\" rel=\"noopener noreferrer\">\u201cHUNDERT\u201d<\/a><br \/>\n&#8211; Die Goethe Universit\u00e4t in 100 Dingen<br \/>\nEine Ausstellung zum hundertj\u00e4hrigen Bestehen der Universit\u00e4t Frankfurt am Main.<br \/>\nGestaltung der Lichtelemente, Entwicklung des technischen Aufbaus und Produktion der Zeitkapseln (Vitrinen): JOERG OBENAUER \/ LICHTOBJEKTE.ORG<br \/>\nDesign- und Ausstellungskonzeption: <a title=\"contzentrade\" href=\"https:\/\/www.larscontzen.de\/\" target=\"_blank\" rel=\"noopener noreferrer\">LARS CONTZEN, CONTZENTRADE\u00ae DESIGNSTUDIO<\/a><br \/>\nKunde: Universit\u00e4tsarchiv Frankfurt am Main<\/p>\n<p>-F\u00fcr das Szenenbild eines Fernsehfilms der Produktionsfirma\u00a0<a title=\"RheinFilm\" href=\"https:\/\/www.rheinfilm.com\/\" target=\"_blank\" rel=\"noopener noreferrer\">RheinFilm TV- UND MEDIEN-PRODUKTIONSGESELLSCHAFT MBH<\/a> wird ein Lichtobjekt leihweise zur Verf\u00fcgung gestellt.<\/p>\n<p><span style=\"color: #00ffff;\"><strong>2013<\/strong><\/span><br \/>\n-Entwicklung der Edition <a title=\"VIDEO\" href=\"https:\/\/www.joergobenauer.de\/wp01\/?page_id=182\">CLUSTER SWEET.16<\/a>.<br \/>\nCLUSTER SWEET.16 ist ein Lichtobjekt im Bilderrahmen.<\/p>\n<p>-Freischaffende Mitarbeit an interaktiven Medienm\u00f6beln f\u00fcr <a title=\"MESO\" href=\"https:\/\/www.meso.net\/\" target=\"_blank\" rel=\"noopener noreferrer\">MESO<\/a> und Fraport. (FRANKFURT)<\/p>\n<p>-Beratung f\u00fcr eine gro\u00dfformatige Lichtinstallation mit LED-Leuchtmitteln und Realisation eines Material-Prototypen f\u00fcr <a title=\"Liganova\" href=\"https:\/\/www.liganova.com\/de\/\" target=\"_blank\" rel=\"noopener noreferrer\">LIGANOVA<\/a> und Nike. (Stuttgart)<\/p>\n<p><span style=\"color: #00ffff;\"><strong>2012<\/strong><\/span><br \/>\n-F\u00fcr das MAYFELDS und MEISER LEBENSART werden zwei Lichtobjekte (SUNSPOTS) entworfen und realisiert. (HANAU)<br \/>\n<a title=\"SUNSPOTS\" href=\"https:\/\/vimeo.com\/38139835\" target=\"_blank\" rel=\"noopener noreferrer\">VIDEO<\/a><\/p>\n<p>-F\u00fcr <a title=\"Merkumo\" href=\"https:\/\/www.merkumo.com\/index.html\" target=\"_blank\" rel=\"noopener noreferrer\">MERKUMO<\/a> wird ein Lichtobjekt <a title=\"Cluster Foto\" href=\"https:\/\/www.joergobenauer.de\/wp01\/?portfolio=cluster-5\" target=\"_blank\" rel=\"noopener noreferrer\">(CLUSTER)<\/a> entworfen und realisiert. (HANAU)<br \/>\n<a title=\"CLUSTER VIDEO\" href=\"https:\/\/vimeo.com\/joergobenauer\/cluster#t=9s\" target=\"_blank\" rel=\"noopener noreferrer\">VIDEO<\/a><\/p>\n<p>-Freischaffende Mitarbeit an einem Showcar (Hyundai) f\u00fcr <a title=\"MESO\" href=\"https:\/\/www.meso.net\/\" target=\"_blank\" rel=\"noopener noreferrer\">MESO<\/a>. (FRANKFURT)<\/p>\n<p><span style=\"color: #00ffff;\"><strong>2011<\/strong><\/span><br \/>\n-Acht Lichtobjekte (BLOBTUBES) werden f\u00fcr <a title=\"CAROLI\" href=\"https:\/\/www.caroli-city.de\/\" target=\"_blank\" rel=\"noopener noreferrer\">CAROLI<\/a> entworfen, realisiert und im <a title=\"KING-KA\" href=\"https:\/\/www.king-kamehameha.de\/\" target=\"_blank\" rel=\"noopener noreferrer\">KINGKAMEHAMEHA CLUB<\/a> installiert. (FRANKFURT)<br \/>\n<a title=\"BLOBTUBES\" href=\"https:\/\/vimeo.com\/25979997\" target=\"_blank\" rel=\"noopener noreferrer\">VIDEO<\/a><\/p>\n<p><span style=\"color: #00ffff;\"><strong>2010<\/strong><\/span><br \/>\n-Ein Lichtobjekt wird an die MINIDISCO von <a title=\"airbag\" href=\"https:\/\/www.airbagcraftworks.com\" target=\"_blank\" rel=\"noopener noreferrer\">AIRBAG CRAFTWORKS<\/a> ausgeliefert. (KLEESTADT)<\/p>\n<p>-Acht Lichtobjekte (BLITZBOXEN) werden f\u00fcr den Messeauftritt des ATELIER SCHNEEWEISS auf der ORGATEC entworfen und realisiert. (K\u00d6LN)<br \/>\n<a title=\"BLITZBOXEN\" href=\"https:\/\/vimeo.com\/31791420\" target=\"_blank\" rel=\"noopener noreferrer\">VIDEO<\/a><\/p>\n<p>-Zwei kinetische Lichtobjekte werden an das <a title=\"MOUSON\" href=\"https:\/\/www.mousonturm.de\" target=\"_blank\" rel=\"noopener noreferrer\">MOUSON TURM<\/a> RESTAURANT ausgeliefert. (FRANKFURT)<\/p>\n<p>-F\u00fcnf kinetische Lichtobjekte werden an die <a title=\"Sturmhaube\" href=\"https:\/\/www.sturmhaube.de\" target=\"_blank\" rel=\"noopener noreferrer\">STURMHAUBE<\/a> ausgeliefert. (KAMPEN auf SYLT)<\/p>\n<p>-Ein kinetisches Lichtobjekte wird f\u00fcr die STEREOBAR entworfen und realisiert. (FRANKFURT)<\/p>\n<p><span style=\"color: #00ffff;\"><strong>2009<\/strong><\/span><br \/>\n-F\u00fcr das <a title=\"ECHT\" href=\"https:\/\/www.echt-frankfurt.de\" target=\"_blank\" rel=\"noopener noreferrer\">ECHT<\/a> wird ein kinetisches Lichtobjekt entworfen und realisiert. (FRANKFURT)<\/p>\n<p>-F\u00fcr GLAS TR\u00d6SCH wird ein Lichtmodul zur Pr\u00e4sentation ihres neuartigen Spezialglases EUROLAMEX-METALLIC entworfen und realisiert. (ULM)<br \/>\nZusammen gewinnen wir den IF MATERIAL AWARD 2010<br \/>\n<a href=\"https:\/\/www.joergobenauer.de\/wp01\/wp-content\/uploads\/2012\/12\/IF.png\"><img decoding=\"async\" loading=\"lazy\" class=\"alignnone size-full wp-image-343\" title=\"IF\" src=\"https:\/\/www.joergobenauer.de\/wp01\/wp-content\/uploads\/2012\/12\/IF.png\" alt=\"\" width=\"141\" height=\"269\" \/><\/a><\/p>\n<p>-F\u00fcr GLAS TR\u00d6SCH wird ein kinetisches Lichtmodul zur bewegten Innenbeleuchtung eines Glaskubus mit Dekorglas entworfen und realisiert. (ULM)<\/p>\n<p><span style=\"color: #00ffff;\"><strong>2008<\/strong><\/span><br \/>\n-F\u00fcr KING KAMEHAMEHA MALLORCA wird ein 1,8&#215;0,7m gro\u00dfes Lichtobjekt mit einer runden Projektionsfl\u00e4che und einem Lichtspiel aus insgesamt 16 rotierenden Farbglasfiltern und einer dimmbaren Projektionslichtquelle entworfen und realisiert. (PALMA DE MALLORCA)<\/p>\n<p>-F\u00fcr die KING KAMEHAMEHA SUITE K\u00d6LN wird die Lichtinstallation FLYING CIRCLES entworfen und realisiert.<br \/>\nSie erinnert im aufbau an einen riesigen Kronleuchter und wird im Auge des gro\u00dfen Treppenaufgangs installiert.<br \/>\nDie H\u00f6he der Installation betr\u00e4gt 3,5 Meter.\u00a0Somit erstreckt sie sich \u00fcber zwei Etagen.<br \/>\nAn der breitesten Stelle hat sie einen Durchmesser von 2,7 Metern.<br \/>\n432 einzeln ansteuerbare bernsteinfarbene Lichtr\u00f6hren werden \u00fcber einen Rechner und eine spezielle software angesteuert.<br \/>\n\u00dcber einen touchscreen k\u00f6nnen verschiedene Szenarien und Animationen innerhalb der Lichtinstallation in Echtzeit abgerufen, ver\u00e4ndert und programmiert werden.<br \/>\nDas System ist zus\u00e4tzlich mit der Audioanlage der\u00a0KING KAMEHAMEHA SUITE\u00a0gekoppelt. (K\u00d6LN)<br \/>\n<a title=\"FLYING CIRCLES\" href=\"https:\/\/vimeo.com\/joergobenauer\/flying-circles\" target=\"_blank\" rel=\"noopener noreferrer\">VIDEO<\/a><\/p>\n<p>-Freischaffende Mitarbeit f\u00fcr <a title=\"B\u00d6RSE\" href=\"https:\/\/www.lightlife.de\/web\/boerse-frankfurt-groser-handelssaal\/\" target=\"_blank\" rel=\"noopener noreferrer\">LIGHTLIFE<\/a> (K\u00d6LN) bei der Gestaltung des B\u00f6rsensaals der ALTEN B\u00d6RSE mit einer neuen Lichtinstallation. (FRANKFURT)<\/p>\n<p><span style=\"color: #00ffff;\"><strong>2007<\/strong><\/span><br \/>\n-F\u00fcr <a title=\"morgen\" href=\"https:\/\/www.morgen.org\" target=\"_blank\" rel=\"noopener noreferrer\">STUDIO MORGEN<\/a> und die neue <a title=\"COCOON CLUB LOUNGE\" href=\"https:\/\/www.morgen.org\/project_moredetails.php?id=186&amp;PHPSESSID=1df99de2a2bfba207273d8792c88d6f7\" target=\"_blank\" rel=\"noopener noreferrer\">lounge des COCOON CLUB<\/a> wird eine 36 Meter lange und 4 Meter hohe, animierte Vorhanghinterleuchtung entworfen und realisiert. Weitere Lichtelemente werden in die Ansteuerung \u00fcber einen touchscreen eingebunden. (FRANKFURT)<\/p>\n<p>-F\u00fcr den BEYOND SALOON wird das pulsierende Lichtobjekt JUKEBOX entwickelt und realisiert.\u00a0(FRANKFURT)<\/p>\n<p>-Freischaffende Mitarbeit am Projekt KLANG DER QUADRATE (STADT MANNHEIM) f\u00fcr MESO. (FRANKFURT)<br \/>\nZusammen gewinnen wir den &#8222;Yellow Pencil Award&#8220; von D&amp;AD.<\/p>\n<p><a href=\"https:\/\/www.joergobenauer.de\/wp01\/wp-content\/uploads\/2018\/06\/yellowpencil-dandad.jpg\"><img decoding=\"async\" loading=\"lazy\" class=\"alignleft size-medium wp-image-2982\" title=\"yellowpencil-dandad\" src=\"https:\/\/www.joergobenauer.de\/wp01\/wp-content\/uploads\/2018\/06\/yellowpencil-dandad-219x300.jpg\" alt=\"\" width=\"219\" height=\"300\" srcset=\"https:\/\/www.joergobenauer.de\/wp-content\/uploads\/2018\/06\/yellowpencil-dandad-219x300.jpg 219w, https:\/\/www.joergobenauer.de\/wp-content\/uploads\/2018\/06\/yellowpencil-dandad-220x300.jpg 220w, https:\/\/www.joergobenauer.de\/wp-content\/uploads\/2018\/06\/yellowpencil-dandad.jpg 312w\" sizes=\"(max-width: 219px) 100vw, 219px\" \/><\/a><\/p>\n<p>-F\u00fcr einen Privatkunden wird das Lichtobjekt <a title=\"SPACEINVADERS\" href=\"https:\/\/www.joergobenauer.de\/wp01\/?portfolio=spaceinvaders-7\" target=\"_blank\" rel=\"noopener noreferrer\">SPACEINVADERS<\/a> entworfen und realisiert. <a title=\"SPACEINVADERS VIDEO\" href=\"https:\/\/vimeo.com\/23536752\" target=\"_blank\" rel=\"noopener noreferrer\">VIDEO<\/a><\/p>\n<p><span style=\"color: #5eff00;\"><strong>2006<\/strong><\/span><br \/>\n-F\u00fcr die STEREOBAR wird ein neuer Discoboden mit 48 sternf\u00f6rmigen elektronisch gesteuerten LED-Modulen entworfen und realisiert. (FRANKFURT)<\/p>\n<p>-Freischaffende Mitarbeit am Projekt <a title=\"Globus\" href=\"https:\/\/de.wikipedia.org\/wiki\/Fu%C3%9Fball-Globus\" target=\"_blank\" rel=\"noopener noreferrer\">FIFA FUSSBALL GLOBUS<\/a> (ANDR\u00c9 HELLER)\u00a0f\u00fcr 3DELUXE. (STUTTGART, M\u00dcNCHEN, BERLIN)<\/p>\n<p><span style=\"color: #00ffff;\"><strong>2005<\/strong><\/span><br \/>\n-Im <a title=\"COCOON CLUB\" href=\"https:\/\/de.wikipedia.org\/wiki\/Cocoon_Club\" target=\"_blank\" rel=\"noopener noreferrer\">COCOON CLUB<\/a> werden zur Silvesterfeier mehreren Lichtobjekten im MICRO und eine Raum\/Lichtinstallation (SONDEN) im Eingangsbereich des Clubs installiert. (FRANKFURT)<br \/>\n<a title=\"COCOON SILVESTER\" href=\"https:\/\/vimeo.com\/39453130\" target=\"_blank\" rel=\"noopener noreferrer\">VIDEO<\/a><\/p>\n<p>-Freischaffende Mitarbeit am Projekt <a title=\"Globus\" href=\"https:\/\/de.wikipedia.org\/wiki\/Fu%C3%9Fball-Globus\" target=\"_blank\" rel=\"noopener noreferrer\">FIFA FUSSBALL GLOBUS<\/a> (ANDR\u00c9 HELLER)\u00a0f\u00fcr 3DELUXE. (GELSENKIRCHEN, DORTMUND, KAISERSLAUTERN, N\u00dcRNBERG, HANNOVER)<\/p>\n<p><span style=\"color: #00ffff;\"><strong>2004<\/strong><\/span><br \/>\n-Freischaffende Mitarbeit f\u00fcr <a title=\"meso\" href=\"https:\/\/www.meso.net\/\" target=\"_blank\" rel=\"noopener noreferrer\">MESO<\/a> bei der Hauptversammlung der BASF. (MANNHEIM)<\/p>\n<p>-Freischaffende Mitarbeit beim <a title=\"Cocoon Club\" href=\"https:\/\/de.wikipedia.org\/wiki\/Cocoon_Club\" target=\"_blank\" rel=\"noopener noreferrer\">COCOON CLUB<\/a> f\u00fcr <a title=\"meso\" href=\"https:\/\/www.meso.net\/\" target=\"_blank\" rel=\"noopener noreferrer\">MESO<\/a>. (FRANKFURT)<\/p>\n<p>-Freischaffende Mitarbeit am Projekt FIFA FUSSBALL GLOBUS f\u00fcr 3DELUXE. (FRANKFURT, K\u00d6LN, LEIPZIG)<\/p>\n<p><span style=\"color: #00ffff;\"><strong>2003<\/strong><\/span><br \/>\n-Freischaffende Mitarbeit am Projekt RE-BRAUN f\u00fcr die M\u00e4nner vom ZIRKELTRAINING: MARKUS BADER, MAX WOLF, SEBASTIAN OSCHATZ. \u00a0(FRANKFURT)<\/p>\n<p>-FRISCH. Ein Ausstellungsprojekt an 9 aufeinander folgenden Freitagen im DRAHTWERK.<br \/>\nPr\u00e4sentiert von ULLI OPITZ, THOMAS DLUGOSCH und JOERG OBENAUER.<br \/>\nFrische Arbeiten und Projekte von: SASCHA LANGER, HARDY BURMEIER, FLORIAN JENETT und VALENTIN BEINROTH; musikalische Gestaltung von: THOMAS DLUGOSCH, EMIR, DENIS M\u00c4RZ, DENNIS SMITH, MISH MASH SOUNDSYSTEM, OZEE, MORITZ B, DOS DOS. (HANAU)<\/p>\n<p>-MULTIMODE POLYSWITCH 4: Kultur f\u00fcr HANAU im DRAHTWERK, Musik von NEEDS und visuals von <a title=\"JOREG\" href=\"https:\/\/joreg.ath.cx\/\" target=\"_blank\" rel=\"noopener noreferrer\">JOREG<\/a>. (HANAU)<br \/>\n<a title=\"JOREG VIDEO\" href=\"https:\/\/joreg.ath.cx\/multimode-polyswitch-video\/\" target=\"_blank\" rel=\"noopener noreferrer\">VIDEO<\/a><\/p>\n<p>-Freischaffende Mitarbeit am Projekt FIFA FUSSBALL GLOBUS f\u00fcr <a title=\"meso\" href=\"https:\/\/www.meso.net\/\" target=\"_blank\" rel=\"noopener noreferrer\">MESO<\/a>. (BERLIN)<\/p>\n<p>-Freischaffende Mitarbeit am Projekt KOMPOSITIONEN IN ZEIT UND RAUM f\u00fcr HEINER BLUM. (OFFENBACH)<\/p>\n<p><span style=\"color: #00ffff;\"><strong>2002<\/strong><\/span><br \/>\n-Freischaffende Mitarbeit f\u00fcr MESO am Projekt CYBERHELVETIA-PAVILLION, das EXPO-Projekt der CREDIT SWISS. (ARTEPLAGE in BIEL, SCHWEIZ)<\/p>\n<p><span style=\"color: #00ffff;\"><strong>2001<\/strong><\/span><br \/>\n-MULTIMODE POLYSWITCH 3: Kultur f\u00fcr HANAU im DRAHTWERK, Musik von MARSHMELLOW KLANGSYSTEM und OBIWAHN, live-video von J\u00d6RG FRANZMANN, weitere Objekte und Arbeiten von LARS CONTZEN und JOERG OBENAUER. (HANAU)<\/p>\n<p><span style=\"color: #00ffff;\"><strong>2000<\/strong><\/span><br \/>\n-MULTIMODE POLYSWITCH 2: Kultur f\u00fcr HANAU im DRAHTWERK, live in concert: SUPERPOP, djs: DER KRAFT und DJ STRESS, live-visuals von STARDAX, weitere Objekte und Arbeiten von LARS CONTZEN und JOERG OBENAUER. ( HANAU)<\/p>\n<p><span style=\"color: #00ffff;\"><strong>1999<\/strong><\/span><br \/>\n-MULTIMODE POLYSWITCH 1: Kultur f\u00fcr HANAU im DRAHTWERK, Musik von MARSHMELLOW KLANGSYSTEM und DJ HEPCAT (AMSTERDAM), Objekte und Arbeiten von LARS CONTZEN und JOERG OBENAUER. (HANAU)<\/p>\n<p>-Entwurf und Realisation eines Lichtobjekts f\u00fcr das Musikvideo FUNKY PEOPLE. Regie: HUSAIN und KL\u00d6FKORN. (OFFENBACH)<br \/>\n<a href=\"https:\/\/www.youtube.com\/watch?v=GiaFQFO06yU\">VIDEO<\/a><\/p>\n<p><span style=\"color: #00ffff;\"><strong>1998<\/strong><\/span><br \/>\n-Verschiedene fr\u00fche Lichtobjekte kommen bei den TOXIC-TRANCE Veranstaltungen in der SCHWEINEHALLE zum Einsatz. (HANAU)<\/p>\n<p><span style=\"color: #00ffff;\"><strong>1997<\/strong><\/span><br \/>\n-Verschiedene fr\u00fche Lichtobjekte kommen bei den TOXIC-TRANCE Veranstaltungen in der SCHWEINEHALLE zum Einsatz. (HANAU)<\/p>\n<p>.<br \/>\n.<br \/>\n.<br \/>\n.<\/p>\n<p>WEITERE KUNDEN:<\/p>\n<p align=\"JUSTIFY\">airbag craftworks &#8212; Art Event &#8212; Artes Code &#8212; Atelier Markgraph &#8212; Atelier Schneeweiss &#8212; Atelier Valentin Beinroth &#8212; b+s exhibitions &#8212; Birk Events &#8212; Bittermann Industriedesign &#8212; Cityscope &#8212; CocoonClub &#8212; Congress Park Hanau &#8212; construct3 &#8212; contzentrade\u00aedesignstudio &#8212; CSL Behring &#8212; Das Zimmer &#8212; Department &#8212; DigitaLicht AG &#8212; Dr. med. dent. Christoph Adam &#8212; Echt- Bar und Restaurant &#8212; ERM Lahmeyer International &#8212; FEMO Brands &#8212; Foto:Studio Redeker &#8212; Freies Deutsches Hochstift &#8212; Ruderei Hanau &#8212; Gerda Schm\u00f6le GmbH &#8212; Glas Tr\u00f6sch &#8212; Goethe-Universita\u0308t Frankfurt &#8212; Goldbergs &#8212; Goldquadrat Music Lounge&amp;Bar &#8212; Heiner Blum &#8212; Kafetzis und Old Gbr &#8212; Kingkamehameha Frankfurt &#8212; Kingkamehameha K\u00f6ln &#8212; Kingkamehameha Mallorca &#8212; Kleim- Rechtsanw\u00e4lte und Notar &#8212; Labor f\u00fcr kinetisches Licht &#8212; LAQUA Unternehmenskommunikation FCM &#8212; Lars Contzen &#8212; Liganova &#8212; Lightlife &#8212; Max T. -New York &#8212; Mayfeld\u00b4s &#8212; Meiser Lebensart &#8212; Merkumo &#8212; MESO &#8212; MORGEN &#8212; Mousonturm Restaurant &#8212; SAY Time GbR &#8212; Plasse Project GmbH &#8212; Rhein Film &#8212; SL S\u00fcdraum Leipzig &#8212; Stereobar &#8212; Sturmhaube &#8212; system modern &#8212; UNA &#8212; Yadi Concepts GmbH<\/p>\n","protected":false},"excerpt":{"rendered":"<p>PROJEKTE \/ MITARBEIT \/ KLIENTEN Auswahl: 2021 -Entwicklung und Produktion mehrerer Ausstellungs- und Pr\u00e4sentationsmodule f\u00fcr das DEUTSCHE ROMANTIK MUSEUM und das FREIE DEUTSCHE HOCHSTIFT (FRANKFURT) -Entwicklung und Produktion mehrerer Ausstellungs- und Pr\u00e4sentationsmodule f\u00fcr MESO (FRANKFURT) 2020 -Entwicklung und Produktion eines Lichtmoduls f\u00fcr das ELAINE\u00b4S REATAURANT im THE FLAG WEST M (FRANKFURT) 2019 -Freischaffende Mitarbeit bei [&hellip;]<\/p>\n","protected":false},"author":3,"featured_media":0,"parent":0,"menu_order":0,"comment_status":"closed","ping_status":"closed","template":"","meta":{"footnotes":""},"_links":{"self":[{"href":"https:\/\/www.joergobenauer.de\/index.php?rest_route=\/wp\/v2\/pages\/145"}],"collection":[{"href":"https:\/\/www.joergobenauer.de\/index.php?rest_route=\/wp\/v2\/pages"}],"about":[{"href":"https:\/\/www.joergobenauer.de\/index.php?rest_route=\/wp\/v2\/types\/page"}],"author":[{"embeddable":true,"href":"https:\/\/www.joergobenauer.de\/index.php?rest_route=\/wp\/v2\/users\/3"}],"replies":[{"embeddable":true,"href":"https:\/\/www.joergobenauer.de\/index.php?rest_route=%2Fwp%2Fv2%2Fcomments&post=145"}],"version-history":[{"count":115,"href":"https:\/\/www.joergobenauer.de\/index.php?rest_route=\/wp\/v2\/pages\/145\/revisions"}],"predecessor-version":[{"id":3225,"href":"https:\/\/www.joergobenauer.de\/index.php?rest_route=\/wp\/v2\/pages\/145\/revisions\/3225"}],"wp:attachment":[{"href":"https:\/\/www.joergobenauer.de\/index.php?rest_route=%2Fwp%2Fv2%2Fmedia&parent=145"}],"curies":[{"name":"wp","href":"https:\/\/api.w.org\/{rel}","templated":true}]}}